= 14. Let f = 39 - 27. What is the remainder when f is divided by p?
5
Let q = 221 + -127. What is the remainder when q is divided by 24?
22
Let a = -28 + 50. Calculate the remainder when 86 is divided by a.
20
Let v(q) = -q + 14. Calculate the remainder when 79 is divided by v(-6).
19
Suppose 5*d - 70 - 5 = -5*c, 0 = -c - 4. Calculate the remainder when d is divided by 13.
6
Let q = -98 - -127. What is the remainder when 115 is divided by q?
28
Let p(o) = o**2 + o + 5. Let a be p(0). Suppose -d = -a*v + 30, 6*d = 3*d - 15. Calculate the remainder when 5/v*74/2 is divided by 13.
11
Let u = 107 + -102. Let q(h) = -h**2 - 7*h + 7. What is the remainder when q(-7) is divided by u?
2
Let g be 1/2 + 2/(-4). Let i be (-3)/(-15) - 2/10. Suppose i = -g*b - b + 15. What is the remainder when b is divided by 8?
7
Let g = 2 + 0. Suppose -27*n = -22*n - 15. What is the remainder when n is divided by g?
1
Let p = -597 + 686. Suppose -2*m + 3*s = -89 + 20, 4*m = 2*s + 126. Calculate the remainder when p is divided by m.
29
Let w = 22 - -13. Calculate the remainder when 173 is divided by w.
33
Let z = -3 - -6. Let x(w) = 4*w + 2. Calculate the remainder when 27 is divided by x(z).
13
Calculate the remainder when (-11)/(-10)*12*5 is divided by ((-460)/(-100))/((-2)/(-10)).
20
Suppose 0 = s - 3*u - 14, -2*u - 8 = -0*u. What is the remainder when (3/(-5))/((-3)/15) is divided by s?
1
Let t = -1 - -19. What is the remainder when 70 is divided by t?
16
Let y(l) = l**3 - 14*l**2 + 13*l + 18. Calculate the remainder when y(13) is divided by 10.
8
Suppose 0 = -3*r - k - 61, -3*r - 49 - 2 = 3*k. Let s = r - -41. Suppose 0 = -g + 3 + 4. Calculate the remainder when s is divided by g.
5
Suppose 3*h = -0*h + 75. Let x be (h - (6 + -3))*1. Suppose 4*l - 2*l = 5*j - x, 5*j = 3*l + 23. What is the remainder when 7 is divided by j?
3
Let p = -32 + 54. Calculate the remainder when 62 is divided by p.
18
Suppose -6*d - 5*r = -11*d + 235, 4*r + 141 = 3*d. Suppose 0 = 4*q - 42 - 6. What is the remainder when d is divided by q?
11
Let c be (-1)/((-2)/(-138) + 0). Let l be ((-2)/(-2))/((-1)/3). What is the remainder when l*c/9 + -1 is divided by 8?
6
What is the remainder when 93 is divided by (532/(-8))/(-7)*2?
17
What is the remainder when 43 is divided by (5/10)/(1/46)?
20
Suppose 4*y - 29 = 7. Let v(d) = -d**2 + 5*d - 2. Let r be v(2). Suppose -5*j + 150 = -r*i, -i = -3*j + 51 + 32. Calculate the remainder when j is divided by y.
8
Let x = -5 + 18. Calculate the remainder when 90 is divided by x.
12
Let w(t) = 2*t**2 - 26*t + 7. Calculate the remainder when 135 is divided by w(14).
30
Let a = -22 + 34. What is the remainder when a is divided by 5?
2
Let s(y) = -y**2 + 3*y + 8. Let i be s(5). Let j(a) = 7*a**2 - 3*a - 2. What is the remainder when j(i) is divided by (-2)/((-20)/(-11) + -2)?
10
Let q(w) = 3*w**2 - 6*w + 1. What is the remainder when q(4) is divided by 7?
4
Suppose -n + 3*o = 2*n - 27, -4*n - 3*o + 8 = 0. What is the remainder when n is divided by 2?
1
Let m = 32 + -21. What is the remainder when m is divided by 7?
4
Suppose -3*x + 24 = x. Let s(v) = 6*v**2 - 4*v + 3. What is the remainder when s(2) is divided by x/15*(22 - -3)?
9
Let r(b) = -b**2 - 19*b - 2. Calculate the remainder when 95 is divided by r(-17).
31
Let z = 38 + -27. Suppose 3*k + 2*k = 0. Suppose 4*p + 4*q - 104 = 0, 2*p - 2*q + 4 - 72 = k. Calculate the remainder when p is divided by z.
8
What is the remainder when 1/(2/46) + 0 is divided by 420/63*(-6)/(-5)?
7
Let v(a) = -3 + 2*a + a**2 - 2*a + 0*a**2. What is the remainder when v(-7) is divided by 12?
10
Suppose 4*y - 72 = y. Calculate the remainder when y is divided by (0 - -1) + -12 + 20.
6
Suppose 0 = -3*a - 3*d - 0*d + 48, -d + 79 = 4*a. Suppose 3*h - 84 - 39 = 0. What is the remainder when h is divided by a?
20
Let a = 6 + -3. Suppose -3*b + 3*q + 25 = 2*q, 5*q = -a*b + 19. Suppose 5*f - 20 = 5. Calculate the remainder when b is divided by f.
3
Suppose k - y = 2*k - 3, 4*k + 5*y = 13. Let f(u) = u**3 - 4 - 2*u**2 + 8*u - 5*u**k - 1. Calculate the remainder when f(6) is divided by 4.
3
Let z be (10*1)/(0 + 1). Let i(g) = -g**3 - 8*g**2 - 5*g + 15. Let h be i(-7). What is the remainder when ((-5)/(-10))/(h/z) is divided by 2?
1
Let c(s) = s**2 - 2*s + 6. What is the remainder when c(-5) is divided by 14?
13
Suppose -a - q = -5 - 15, -3*a + 4*q = -32. What is the remainder when 61 is divided by a?
13
Let q(n) = n**3 + 5*n**2 - 7*n - 5. Calculate the remainder when (-10)/15*(-177)/12*6 is divided by q(-5).
29
Suppose -5*v + 32 = 4*a, 2*v - a + 1 = 2*a. What is the remainder when (22/v)/((-2)/(-8)) is divided by 6?
4
Let j(r) = -6*r + 4. Suppose 0 + 48 = 3*z - 3*k, 3*k = z - 20. What is the remainder when j(-6) is divided by z?
12
Suppose -4*w - 200 = -4*g, 0 = 2*g + 4*w - 3 - 79. What is the remainder when g is divided by 17?
13
Let h = 34 + -13. What is the remainder when h is divided by 6?
3
Let w(b) = b**2 - b - 2. Let m be w(-5). Let f = 78 - 55. Calculate the remainder when ((-134)/(-8))/(7/m) is divided by f.
21
Let n(r) = r + 20. Let b = -3 + 3. Calculate the remainder when n(b) is divided by 7.
6
Calculate the remainder when 147 is divided by 15 + 0/(-1 + 6).
12
Suppose -2*t = -0*t - 12. Suppose -1 = -g + 2*d, 2*g - 3*d = -d - 8. Let u(b) = -b + 1. Calculate the remainder when u(g) is divided by t.
4
Let t(c) = -10*c - 28. What is the remainder when 47 is divided by t(-4)?
11
Suppose -12 = g + a, g + 5*a + 10 = 3*a. What is the remainder when (-242)/g + 6/(-21) is divided by 9?
8
Let m be -2 - (-23 + (-3)/(-1)). Calculate the remainder when 436/m + (-4)/18 is divided by 9.
6
Let t = 94 + -82. Calculate the remainder when 56 is divided by t.
8
Let g(t) = t**3 + 13*t**2 + 24*t + 24. Suppose 3*z = -3*v - 0*v + 18, -4*z + 18 = 3*v. Calculate the remainder when v is divided by g(-11).
0
Let a(h) = -h**2 + 7*h + 11. Suppose 42 - 10 = 4*w. Let x be a(w). Let l(d) = -d**3 + 3*d**2 + 3*d. Calculate the remainder when 16 is divided by l(x).
7
Suppose -2*c = -2*y + c - 1, -y = c - 12. What is the remainder when 13 is divided by y?
6
Let n be (-4)/(-6)*84/8. Let a be n*1 + 3/(-3). Suppose 5*k - 5 = -i + a, -3*k = -5*i + 83. What is the remainder when 30 is divided by i?
14
Suppose -4*y + 4 = -3*y. Let m(o) = o**2 - 4. Let j be m(3). Suppose -g - 73 = -4*s + y*g, -j*s + 89 = -4*g. What is the remainder when s is divided by 9?
8
Let q = 154 + -72. Calculate the remainder when q is divided by 21.
19
Suppose 4*t = 4*q + 148, 55 + 56 = 3*t + 3*q. Suppose 0 = -3*p + 5*o + 44, 0 = p + 4*p + 5*o - 60. What is the remainder when t is divided by p?
11
Let c(f) = -17*f**2 - 4*f. Let j be c(-2). What is the remainder when (j/(-18))/((-1)/(-15)) is divided by 26?
24
Suppose -2*a + 0*a + 38 = 4*h, -2*a + 10 = 0. Calculate the remainder when 104 is divided by h.
6
Calculate the remainder when (-18)/(-14) + -1 - (-1903)/77 is divided by 7.
4
Let v(f) = 2*f**3 - 5*f**2 - 5. Let k be v(4). Let j = -18 + k. Calculate the remainder when 49 is divided by j.
24
Let o(s) = 7*s**2 + s. Calculate the remainder when o(-2) is divided by 9.
8
What is the remainder when 18 is divided by (-14 - -21) + (-6)/(-2)?
8
Let g = 4 - 5. Let s = g + -19. Let w = -7 - s. What is the remainder when 38 is divided by w?
12
Suppose -4*d = 5*b + 42, 0 = -b - 0*d + d - 12. What is the remainder when 2/((-2)/(-21)) - -2 is divided by 2/(-5) + (-124)/b?
11
Let l = 39 + -5. Suppose 4*o + l = 2*g, 3*o - 20 = -2*o. What is the remainder when g is divided by 14?
11
What is the remainder when 119 is divided by (-18 + 0)*10/(-6)?
29
Let y be (12/(-20))/((-5)/25). Suppose -2*k - y*q = 2*q - 74, -2*k + q = -50. Calculate the remainder when 80 is divided by k.
26
Let q be (0 + 5)*6/(-5). Let z be 116/q - (-6)/(-9). Let s = z + 28. Calculate the remainder when 31 is divided by s.
7
Calculate the remainder when 69 is divided by -9*3/(3/(-2)).
15
Let a = 83 + -70. Calculate the remainder when a is divided by 7.
6
Let c(b) = -b + 11. What is the remainder when 22 is divided by c(6)?
2
Suppose -4*m + 32 = -4*w, w - 4 - 6 = -5*m. Let f be 2/w*(-2 - -12). What is the remainder when 9 is divided by (-3)/(((-36)/(-15))/f)?
4
Let c = -33 + 59. Let x(a) = a - 1. Let w be x(4). Suppose 4*l - c = -v, -9 = -5*